-8
Suppose 9*h - 624 - 618 = 0. Let q(g) = h - 7*g + 135 - 269. Determine q(6).
-38
Let v(x) = 5*x**3 + 18*x**2 - 15*x + 39. Let q(w) = 68*w**3 + 238*w**2 - 196*w + 509. Let t(u) = 2*q(u) - 27*v(u). What is t(9)?
1
Let b(p) = 5*p + 15. Let c = -6058 + 6054. Give b(c).
-5
Let x be (-262)/(-1179) + (-1)/9*11. Let g(a) = -22*a - 10. Determine g(x).
12
Let a(c) = -8*c**2 + 8*c - 3. Let d(s) = 7*s**2 - 10*s + 4. Let v(m) = -6*a(m) - 7*d(m). Calculate v(10).
110
Let f(y) = 2*y**3 - 58*y**2 + 59*y - 89. Let z = -12006 - -12034. Determine f(z).
-5
Let n(h) = -h - 1. Let l(x) be the second derivative of 3*x**5/20 - 7*x**4/12 + x**3/3 + 3*x**2 + 111*x. Let u be l(2). What is n(u)?
-7
Let t(h) = 2*h**2 + 32*h - 29. Let p(r) = r**2 + 22*r - 257. Let v be p(-30). What is t(v)?
5
Let t be 436/7 - 8/28. Let v = 39 - t. Let z = v + 30. Let y(s) = s - 7. Determine y(z).
0
Let d(l) = 147*l**2 - 2 - 79*l**2 + 4*l - 3 - 65*l**2. What is d(1)?
2
Let t(v) be the second derivative of v**3/3 + 9*v**2 - 14*v + 1. Determine t(7).
32
Let m be ((-150)/(-20))/((-6)/(-4)) + -4. Suppose 4*u - 41 = -2*c + m, -7 = -u + 3*c. Let n(s) = s**2 - 9*s - 4. What is n(u)?
6
Suppose 0 = 2*n + 2, 0 = -3*w + n + 13 + 27. Suppose 46 = w*i + 20. Let b(q) = -4*q + 6. Give b(i).
-2
Let u(k) = -9*k**2. Suppose 4 = 2*q + n, 4*q + 0*n + 4*n - 16 = 0. Let v(g) = 50*g**2 + q*g - g**3 - 3*g - 46*g**2 - 1. Let b be v(3). Calculate u(b).
-9
Let k = -29 + 33. Let g(p) = -5*p**2 + 4 - 6 - p + k. Calculate g(-2).
-16
Let l(r) be the second derivative of -29*r**6/720 + r**5/120 - 55*r**4/4 + 28*r - 1. Let g(t) be the third derivative of l(t). What is g(1)?
-28
Let x(o) = 17*o**2 - 54*o + 11. Let a(n) = 14*n**2 - 46*n + 12. Let k(v) = -6*a(v) + 5*x(v). Determine k(-13).
74
Suppose -6*z + 1 = 1. Let u(w) = 167*w - w**2 - 167*w + 1 + z*w**2. What is u(0)?
1
Let f(o) = 5*o**2 - 3*o + 1. Let z be 2 - (2/3)/((-1)/(-3)). Let s be z - (-2 + 2 + -2). Determine f(s).
15
Let m(h) = 4*h**2 - h. Let i be m(1). Suppose 0 = -2*g - i*g. Let c(n) be the second derivative of -n**5/20 - n**4/12 + 3*n**2/2 + 337*n. What is c(g)?
3
Let s(h) = -h**2 - 2*h + 6. Let l(c) = 2*c**2 - 5*c + 10. Let o be l(6). Suppose -o*q - 45 = -43*q. What is s(q)?
-9
Let x = -28106 - -28119. Let y(b) = b**3 - 13*b**2 + 2*b + 44. What is y(x)?
70
Let u(y) be the third derivative of -y**5/60 - 3*y**4/8 - y**3/6 - y**2. Let c be 144/14 + (-48)/168. Suppose 11*a - 10*a = -c. What is u(a)?
-11
Let i(b) = b + 7. Suppose -27*t - 1952 = 92*t + 3*t. Determine i(t).
-9
Let j be (-166)/(-3) - 1/3. Let c(p) = -2*p - 108 + j + 49. Let b(z) = z**3 + 8*z**2 - 19*z + 7. Let q be b(-10). What is c(q)?
2
Let d(h) = h**3 + 11*h**2 + 10*h - 3. Let c = -112 - -111. Let a(x) = -11*x**2 + 13*x + 14. Let v be a(c). What is d(v)?
-3
Let d(l) be the third derivative of -l**6/60 - l**5/30 - l**4/24 - l**3 + 744*l**2 + l. Give d(3).
-81
Let i(l) = 2*l - 1. Let t(k) = 2*k**3 + 19*k**2 - 20*k - 97. Let u be t(-10). What is i(u)?
5
Suppose 0 = -30*z + 9*z + 567. Let j = z - 24. Let x(i) = -3*i + 2. Give x(j).
-7
Let n(k) = k**2 + 23*k + 84. Suppose -76 = 7775*x - 7771*x. Calculate n(x).
8
Let r = 0 + -2. Let l(s) = 280*s - s**3 + 3*s**3 + 0*s**3 + 5*s**2 - 276*s - 4*s**2 + 3. What is l(r)?
-17
Let d(p) = p**3 + 27*p**2 - 89*p + 34. Let w be (7140/112)/51*(-1 - 23). What is d(w)?
4
Let q(t) = 5*t - 43. Let w(p) = -2. Let z(d) = q(d) - 3*w(d). What is z(5)?
-12
Suppose -2*u + 78 = 2*q, 2*q = -3*u + 97 + 25. Suppose -u*r = -61*r + 68. Let t(d) = 8*d - 6. Give t(r).
26
Let p(h) = -4*h. Let y(i) = 3*i + 1. Let f(d) = 4*p(d) + 5*y(d). Let w be f(7). Let u be (-52)/20 - w/(-5). Let s(n) = n + 3. Give s(u).
0
Let q(v) be the third derivative of -v**6/120 - v**5/20 + v**4/8 - v**3/2 - 383*v**2. What is q(-4)?
1
Let m(t) = -t. Let q(d) = 8*d - 28. Let r be q(8). Suppose 4*n + 6*c - 5*c + r = 0, -5*c - 45 = 5*n. Determine m(n).
9
Let i(o) = -o - 1. Let n = 999 + -581. Let v = n - 417. Determine i(v).
-2
Let b = 17 + -10. Let c(j) be the first derivative of 4*j**3 + 21*j**2/2 + 7*j + 65. Let i(g) = -5*g**2 - 10*g - 4. Let s(o) = -3*c(o) - 7*i(o). Determine s(b).
7
Let f(b) = -6*b + 3. Let m(l) = -l**2 + 3*l + 47. Let p be m(0). Let o(y) = 48 - p - 3*y**2 + 4*y**2. Let a be o(1). Determine f(a).
-9
Let f = 8 + -12. Let z(h) = 46630889*h**2 + 2 + 2*h + 1 - 46630888*h**2 - 2. What is z(f)?
9
Suppose -8*k = -3*k - 45. Suppose k*p + 70 = 25. Let v(b) = -b**2 - 1. Let h(d) = 4*d**2 + 5*d - 2. Let j(u) = p*v(u) - h(u). Calculate j(5).
7
Let p be (-2 + -1)*79*6/18. Let u = p + 87. Let a(x) = -x**2 + 7*x + 10. Calculate a(u).
2
Let l(p) = -p**3 - 9*p**2 + 3*p + 18. Suppose 0 = -3*j - 52 + 25. What is l(j)?
-9
Let q be ((-12)/(-8))/(2/(32/12)). Suppose -3*r + 1 = -q. Let x(a) be the third derivative of 13*a**6/60 - a**5/60 + a**3/6 + 4*a**2. Determine x(r).
26
Let o be (-97)/291 - 2/3. Let z(n) = 89*n + 86. Determine z(o).
-3
Let f(z) = -z**2 - 8*z + 11. Suppose -30*h + 25*h + 15 = 0. Let g be (3 + (-15)/h)*5. What is f(g)?
-9
Let f(s) be the first derivative of s**4/4 - 4*s**3/3 + s**2/2 + 3*s + 2. Let i be f(4). Let o(x) = -557019*x + 557025*x - x**2 + 3 - 9. Calculate o(i).
-13
Let y(n) = -n**3 - 4*n**2 + 2*n + 24. Let s be y(-6). Let o = s + -99. Let a(t) = t**3 + 14*t**2 - 16*t - 18. Give a(o).
-3
Let h(l) = -l - 2. Let j(n) = n**3 - n**2 + n + 3. Let z be j(0). Let u be 3 - ((-72)/(-4))/z. Determine h(u).
1
Let h(k) = -67*k**3 + 8*k**2 + 21*k - 4. Let t(y) = 15*y**3 - 2*y**2 - 5*y + 1. Let q(s) = -2*h(s) - 9*t(s). Determine q(5).
-61
Let l = 8 - 6. Suppose 0 = b + l - 3. Let w(y) = -15 - 19*y - 16 - 27 - 17 - 4 + 80. What is w(b)?
-18
Let g(w) = -w**2 + 2*w + 12. Let i be g(4). Suppose -i*h + 48 = -h. Let s(a) = -a**3 + 17*a**2 - 16*a - 7. Determine s(h).
-7
Let a be 30/(-7 + 2) + 3. Let q(p) be the first derivative of -2/3*p**3 + 0*p - p**2 - 20. Determine q(a).
-12
Let s(a) = -100*a - 29 + 198*a + 32 - 98*a - a**3 - 3*a**2. Let m(p) = -p. Let c be m(3). Give s(c).
3
Let s(k) = k**2 + 7*k + 1. Let h be s(-11). Suppose -4*i + 8 = 0, -4*n = -5*i + h - 119. Let a(v) = -v - n + 22 - 9 + 0*v. Give a(-4).
-4
Suppose 0 = -p + 2*t - 10, -2*p + 3*t + 0*t = 17. Let s(r) = r + 0*r + r - 3 + 4 + 1. Determine s(p).
-6
Let j(c) = 2067*c + 2 + 4 - 2068*c. What is j(1)?
5
Let x(w) = 2170282*w - 4 - 2170278*w + w**2 + 4. Give x(0).
0
Let t(i) be the second derivative of i**4/6 - i**3/2 + i**2/2 - i. Let x be (244/12)/((-2)/(-12)). Let l = x + -119. Calculate t(l).
10
Let d(j) = -7*j**2 - 10*j - 3. Let b(w) = 4*w**2 + 5*w + 2. Let l = -1 + -2. Let f(q) = l*d(q) - 5*b(q). Let y be (8/(-11))/(72/396). Determine f(y).
-5
Let o(f) be the second derivative of -f**4/6 - 41*f**3/6 - 7*f**2 - 3*f + 76. Give o(-20).
6
Let l be (0 - 8/10)/((-6)/14595). Let r(h) = -1946 + l - 3*h**2 + 5*h + 4*h**2. Calculate r(-3).
-6
Let l(w) = w**2 - 14*w + 54. Let c be l(8). Let g(s) = c - 2*s - 6 - 3 + 33. Calculate g(20).
-10
Let y(i) = 53*i + 5 - 55*i - 26 + 3 + 13*i**2 + i**3. Calculate y(-13).
8
Let n(w) = -w**3 - 3*w**2 - 14*w - 48. Let k be n(-3). Let a(c) = -c**2 - 2*c + 1 - 5*c + 2*c. What is a(k)?
-5
Let w(i) = 5 - i**3 - 13 + 0*i**3 + 154*i**2 - 157*i**2. Give w(-4).
8
Suppose 3*y = 4*m + 10, y + 8 - 12 = m. Let i(a) = -2*a**3 - 3*a**2 + 2*a + 1. Determine i(m).
-23
Let o(r) = 2*r + 432 - 3*r - r**3 - 445 - r**2. Give o(0).
-13
Let t(s) = -11*s**2 + 54*s + 55. Let n be t(-1). Let w(v) = v**3 + 20*v**2 + 98*v - 19. Determine w(n).
1
Let t(j) = j**3 - 30*j**2 + 82*j - 12. Let a(b) = 2*b**3 + 147*b**2 - 381*b - 49. Let k be a(-76). What is t(k)?
15
Let m(c) = 184*c + 15647. Let p be m(-85). Let u(v) = v + 7. Let x(t) = -t + 1. Let d(q) = q - 4. Let o be d(3). Let n(b) = o*u(b) - 3*x(b). Determine n(p).
4
Let m(p) = 5*p**2 - 11*p - 4. Suppose 39 = -12*i - 45. Let x(r) = -2*r + 3*r**2 - 3*r - r**2 - 2. Let n(j) = i*x(j) + 3*m(j). Calculate n(3).
17
Let o(v) = -v**3 + 7*v**2 - 3*v - 16. Let f = 33532 + -33525. What is o(f)?
-37
Let t(n) = 5*n**2 - 20*n - 20. Let s(r) = 3*r**2 + r + 1. Let a(g) = -2*s(g) + t(g). Determine a(-21).
-1
Suppose 0 = -8*x + 17 + 7 + 8. Let t(j) be the third derivative of 13*j**2 - 4/3*j**3 + 0 + 0*j + 5/12*j**x - 1/60*j**5. What is t(9)?
1
Let v(f) = f + 1. Let o(j) = 3*j - 6. Let i(d) = o(d) +